, 7, 107
List the prime factors of 2494.
2, 29, 43
List the prime factors of 7466.
2, 3733
List the prime factors of 91401.
3, 30467
What are the prime factors of 3420?
2, 3, 5, 19
What are the prime factors of 24373?
24373
What are the prime factors of 1235?
5, 13, 19
List the prime factors of 28412.
2, 7103
What are the prime factors of 4071?
3, 23, 59
What are the prime factors of 1184?
2, 37
List the prime factors of 116949.
3, 7, 5569
What are the prime factors of 43505?
5, 7, 11, 113
List the prime factors of 25094.
2, 12547
What are the prime factors of 55598?
2, 27799
List the prime factors of 7784.
2, 7, 139
List the prime factors of 15888.
2, 3, 331
List the prime factors of 35954.
2, 17977
List the prime factors of 61912.
2, 71, 109
List the prime factors of 4832.
2, 151
What are the prime factors of 1056?
2, 3, 11
What are the prime factors of 26180?
2, 5, 7, 11, 17
What are the prime factors of 666?
2, 3, 37
List the prime factors of 2211.
3, 11, 67
What are the prime factors of 16514?
2, 23, 359
List the prime factors of 8525.
5, 11, 31
What are the prime factors of 197?
197
List the prime factors of 11745.
3, 5, 29
What are the prime factors of 2490?
2, 3, 5, 83
What are the prime factors of 15568?
2, 7, 139
What are the prime factors of 867?
3, 17
What are the prime factors of 25137?
3, 7, 19
What are the prime factors of 24547?
24547
What are the prime factors of 306?
2, 3, 17
What are the prime factors of 63767?
11, 17, 31
What are the prime factors of 83781?
3, 29, 107
What are the prime factors of 1553?
1553
What are the prime factors of 23396?
2, 5849
What are the prime factors of 4853?
23, 211
What are the prime factors of 12069?
3, 149
What are the prime factors of 458?
2, 229
What are the prime factors of 31599?
3, 3511
What are the prime factors of 47121?
3, 113, 139
List the prime factors of 1371.
3, 457
What are the prime factors of 1813?
7, 37
List the prime factors of 10864.
2, 7, 97
What are the prime factors of 54962?
2, 27481
List the prime factors of 9694.
2, 37, 131
What are the prime factors of 169?
13
List the prime factors of 1436.
2, 359
What are the prime factors of 890?
2, 5, 89
List the prime factors of 80234.
2, 7, 11, 521
What are the prime factors of 11747?
17, 691
List the prime factors of 190.
2, 5, 19
What are the prime factors of 3206?
2, 7, 229
What are the prime factors of 33556?
2, 8389
What are the prime factors of 1676?
2, 419
List the prime factors of 22047.
3, 7349
List the prime factors of 458.
2, 229
What are the prime factors of 410?
2, 5, 41
List the prime factors of 1789.
1789
List the prime factors of 72215.
5, 11, 13, 101
What are the prime factors of 956?
2, 239
What are the prime factors of 9268?
2, 7, 331
List the prime factors of 23899.
23899
What are the prime factors of 5406?
2, 3, 17, 53
List the prime factors of 4649.
4649
What are the prime factors of 726?
2, 3, 11
List the prime factors of 917.
7, 131
What are the prime factors of 10182?
2, 3, 1697
What are the prime factors of 31324?
2, 41, 191
List the prime factors of 7931.
7, 11, 103
What are the prime factors of 33590?
2, 5, 3359
List the prime factors of 40066.
2, 13, 23, 67
List the prime factors of 796.
2, 199
List the prime factors of 16477.
16477
What are the prime factors of 985?
5, 197
List the prime factors of 1986.
2, 3, 331
List the prime factors of 67677.
3, 17, 1327
List the prime factors of 2245.
5, 449
What are the prime factors of 739?
739
What are the prime factors of 40627?
40627
What are the prime factors of 4144?
2, 7, 37
List the prime factors of 50723.
50723
What are the prime factors of 98412?
2, 3, 59, 139
List the prime factors of 44271.
3, 4919
List the prime factors of 10295.
5, 29, 71
List the prime factors of 20272.
2, 7, 181
What are the prime factors of 11538?
2, 3, 641
List the prime factors of 49378.
2, 7, 3527
List the prime factors of 1073.
29, 37
What are the prime factors of 209?
11, 19
What are the prime factors of 65?
5, 13
What are the prime factors of 816?
2, 3, 17
List the prime factors of 17415.
3, 5, 43
What are the prime factors of 55?
5, 11
List the prime factors of 763.
7, 109
What are the prime factors of 127107?
3, 29, 487
What are the prime factors of 341?
11, 31
What are the prime factors of 1235?
5, 13, 19
List the prime factors of 7103.
7103
List the prime factors of 2442.
2, 3, 11, 37
What are the prime factors of 7101?
3, 263
List the prime factors of 9487.
53, 179
List the prime factors of 1218.
2, 3, 7, 29
List the prime factors of 4273.
4273
List the prime factors of 1324.
2, 331
List the prime factors of 1218.
2, 3, 7, 29
List the prime factors of 1650.
2, 3, 5, 11
What are the prime factors of 38851?
38851
What are the prime factors of 711?
3, 79
List the prime factors of 143318.
2, 7, 29, 353
List the prime factors of 70518.
2, 3, 7, 23, 73
List the prime factors of 8570.
2, 5, 857
List the prime factors of 750.
2, 3, 5
List the prime factors of 59406.
2, 3, 9901
List the prime factors of 903.
3, 7, 43
What are the prime factors of 65866?
2, 32933
List the prime factors of 7262.
2, 3631
What are the prime factors of 20380?
2, 5, 1019
What are the prime factors of 706?
2, 353
What are the prime factors of 46990?
2, 5, 37, 127
List the prime factors of 5423.
11, 17, 29
What are the prime factors of 13606?
2, 6803
What are the prime factors of 5936?
2, 7, 53
List the prime factors of 1806.
2, 3, 7, 43
List the prime factors of 12176.
2, 761
List the prime factors of 33845.
5, 7, 967
List the prime factors of 3152.
2, 197
List the prime factors of 915.
3, 5, 61
List the prime factors of 7334.
2, 19, 193
List the prime factors of 661.
661
List the prime factors of 3908.
2, 977
What are the prime factors of 5264?
2, 7, 47
What are the prime factors of 1095?
3, 5, 73
List the prime factors of 2161.
2161
List the prime factors of 12183.
3, 31, 131
What are the prime factors of 66260?
2, 5, 3313
What are the prime factors of 335?
5, 67
List the prime factors of 2936.
2, 367
What are the prime factors of 10741?
23, 467
List the prime factors of 3501.
3, 389
What are the prime factors of 44023?
7, 19, 331
What are the prime factors of 2968?
2, 7, 53
List the prime factors of 11915.
5, 2383
What are the prime factors of 680?
2, 5, 17
List the prime factors of 4507.
4507
List the prime factors of 4190.
2, 5, 419
What are the prime factors of 776?
2, 97
What are the prime factors of 75690?
2, 3, 5, 29
List the prime factors of 3273.
3, 1091
List the prime factors of 2719.
2719
What are the prime factors of 7309?
7309
What are the prime factors of 890?
2, 5, 89
List the prime factors of 33598.
2, 107, 157
What are the prime factors of 840?
2, 3, 5, 7
List the prime factors of 625.
5
List the prime factors of 182609.
7, 19, 1373
What are the prime factors of 6673?
6673
List the prime factors of 46360.
2, 5, 19, 61
List the prime factors of 256.
2
List the prime factors of 5123.
47, 109
What are the prime factors of 40100?
2, 5, 401
What are the prime factors of 746?
2, 373
What are the prime factors of 1346?
2, 673
List the prime factors of 9267.
3, 3089
List the prime factors of 9471.
3, 7, 11, 41
List the prime factors of 42323.
42323
List the prime factors of 6391.
7, 11, 83
What are the prime factors of 3217?
3217
List the prime factors of 3758.
2, 1879
What are the prime factors of 41946?
2, 3, 6991
List the prime factors of 692.
2, 173
What are the prime factors of 4561?
4561
List the prime factors of 1156.
2, 17
What are the prime factors of 32650?
2, 5, 653
List the prime factors of 3700.
2, 5, 37
What are the prime factors of 106388?
2, 26597
What are the prime factors of 1140?
2, 3, 5, 19
What are the prime factors of 767?
13, 59
List the prime factors of 3263.
13, 251
What are the prime factors of 1217?
1217
What are the prime factors of 29288?
2, 7, 523
What are the prime factors of 13509?
3, 19, 79
What are the prime factors of 88?
2, 11
What are the prime factors of 3987?
3, 443
What are the prime factors of 639?
3, 71
List the prime factors of 295.
5, 59
List the prime factors of 372.
2, 3, 31
What are the prime factors of 4365?
3, 5, 97
What are the prime factors of 3213?
3, 7, 17
List the prime factors of 7336.
2, 7, 131
List the prime factors of 2034.
